 52236832129 a prime number?
False
Is 12438245915 prime?
False
Is 4755919079 a composite number?
True
Is 17265003139 composite?
False
Is 2111664949 prime?
True
Is 5963329613 a composite number?
False
Is 5658419659 a composite number?
True
Is 17150403449 composite?
False
Is 79166391991 composite?
False
Is 1235959477 a composite number?
True
Is 1117389323 prime?
False
Is 1521807121 prime?
False
Is 714641327 a prime number?
True
Is 299306638711 prime?
True
Is 37918636511 composite?
True
Is 2970196777 a prime number?
False
Is 45147972719 a composite number?
False
Is 34002086051 a prime number?
True
Is 3000997357 prime?
True
Is 2067202939 a prime number?
True
Is 150912617771 composite?
False
Is 6045755357 composite?
False
Is 61221174205 a prime number?
False
Is 5425007897 prime?
True
Is 8745189207 a prime number?
False
Is 559233427 a prime number?
False
Is 38848802519 a prime number?
False
Is 379589741 prime?
False
Is 2706521717 a composite number?
False
Is 1637550497 a prime number?
False
Is 404620109 a prime number?
False
Is 38261741 prime?
False
Is 41116640441 composite?
True
Is 120466087679 prime?
False
Is 2461046227 composite?
True
Is 207964279 composite?
True
Is 7072111307 prime?
True
Is 34149483493 a composite number?
False
Is 16560747501 a prime number?
False
Is 214294153 a prime number?
True
Is 7441020137 a composite number?
False
Is 28170792451 a prime number?
True
Is 12172556963 a prime number?
False
Is 24365942369 a composite number?
False
Is 561712727 composite?
True
Is 387701860151 a composite number?
False
Is 6239675105 a prime number?
False
Is 1709435911 a composite number?
False
Is 422832062 a prime number?
False
Is 13901511577 composite?
False
Is 1836971789 a composite number?
True
Is 20847337895 a composite number?
True
Is 5426999755 composite?
True
Is 315668087849 a prime number?
True
Is 7841597063 a composite number?
False
Is 502321529 composite?
True
Is 981916087 a composite number?
False
Is 9689593231 composite?
False
Is 1624465979 a prime number?
False
Is 3046583147 a prime number?
False
Is 39288956851 prime?
True
Is 1851411437 prime?
True
Is 2895982291 composite?
False
Is 75517912673 a prime number?
False
Is 2561263169 composite?
False
Is 3955967261 prime?
True
Is 59658682153 a prime number?
False
Is 1315359743 a composite number?
True
Is 1157922769 a prime number?
True
Is 1676855029 composite?
True
Is 41302985221 prime?
True
Is 947457393 a composite number?
True
Is 18818765717 a composite number?
True
Is 2633442301 composite?
True
Is 56633085767 composite?
True
Is 150423631 prime?
True
Is 3719242687 composite?
False
Is 59196317 prime?
False
Is 10989396881 composite?
False
Is 2131944901 prime?
True
Is 1498686179 prime?
True
Is 500954353 composite?
False
Is 12993572341 a composite number?
False
Is 4713504073 a prime number?
True
Is 14047820539 composite?
False
Is 22727560103 prime?
False
Is 1072502377 composite?
True
Is 25616144597 composite?
True
Is 48549888293 a prime number?
False
Is 8667315442 prime?
False
Is 4875743749 composite?
True
Is 24953385403 composite?
False
Is 1864985351 a prime number?
True
Is 525584543 prime?
False
Is 90402831109 composite?
False
Is 22032301895 composite?
True
Is 1035569627 prime?
False
Is 581299871 a composite number?
False
Is 736978261 a composite number?
False
Is 2449174649 a prime number?
False
Is 159640685203 a composite number?
True
Is 3505080659 a composite number?
True
Is 35219846 a prime number?
False
Is 1365662521 prime?
True
Is 7330775141 a composite number?
False
Is 95353642561 composite?
True
Is 1867587811 a composite number?
False
Is 112261668457 a composite number?
False
Is 379470842 a prime number?
False
Is 1863392761 a composite number?
False
Is 12258841237 a composite number?
False
Is 330602011 prime?
False
Is 12112440917 composite?
False
Is 3243535079 prime?
False
Is 907656749 a prime number?
True
Is 28277498059 a prime number?
False
Is 7855213609 a composite number?
False
Is 1069609529 a composite number?
True
Is 324996437 a prime number?
False
Is 14269969349 a prime number?
True
Is 9578417197 prime?
False
Is 63328219 composite?
False
Is 1941179089 prime?
False
Is 1125498947 a composite number?
True
Is 147730117 prime?
True
Is 21870866417 a composite number?
True
Is 3551797477 composite?
True
Is 4747610173 a composite number?
False
Is 73858526551 a composite number?
True
Is 4111618447 composite?
False
Is 60073026043 prime?
False
Is 228720473 a prime number?
True
Is 32127260983 a composite number?
True
Is 196061963 a prime number?
False
Is 1159586839 composite?
True
Is 4659885511 a prime number?
True
Is 8342218177 a composite number?
False
Is 165181799 composite?
True
Is 317519309 a composite number?
False
Is 17881564523 a composite number?
True
Is 3184231543 prime?
False
Is 2180949341 prime?
True
Is 182833379 composite?
True
Is 195317251 a composite number?
True
Is 12639493309 a prime number?
True
Is 443720989 prime?
False
Is 2344202467 prime?
True
Is 624943021 composite?
False
Is 3156700783 composite?
False
Is 570381883 a prime number?
False
Is 174018469 composite?
True
Is 8827582097 a prime number?
False
Is 50060909251 prime?
True
Is 17143164439 composite?
False
Is 1575898453 prime?
False
Is 419867281 prime?
False
Is 162595414001 composite?
False
Is 85116121 prime?
False
Is 2628209 a composite number?
True
Is 7009852129 a composite number?
True
Is 13563451883 prime?
True
Is 296656729 a composite number?
False
Is 562213291 a composite number?
False
Is 583788967 a prime number?
False
Is 17661556111 composite?
False
Is 18553574981 a composite number?
False
Is 375971719 composite?
False
Is 7879156309 prime?
True
Is 1020471833 a prime number?
True
Is 50467539937 a composite number?
True
Is 603167957 prime?
False
Is 694409719 prime?
False
Is 947499911 composite?
False
Is 2532946459 a prime number?
True
Is 118111001 a composite number?
True
Is 37248891931 prime?
False
Is 16279459123 a prime number?
False
Is 191835476353 composite?
False
Is 17199186869 a composite number?
False
Is 78607528849 composite?
False
Is 54484706167 prime?
True
Is 4584872213 a composite number?
False
Is 1456345021 composite?
True
Is 1707768911 a prime number?
True
Is 4408089557 prime?
True
Is 1679998951 prime?
False
Is 39054931 composite?
True
Is 2815339361 prime?
False
Is 2945366051 a composite number?
False
Is 48495484391 a prime number?
True
Is 17282951297 composite?
False
Is 87522586287 a composite number?
True
Is 636857083 a composite number?
True
Is 4362101363 a composite number?
True
Is 39555859367 a prime number?
False
Is 5855439409 a composite number?
False
Is 19247458817 a composite number?
False
Is 630581753 a prime number?
True
Is 16998710033 composite?
False
Is 509964677 composite?
False
Is 49282833167 prime?
True
Is 6949179943 prime?
False
Is 32369541701 a prime number?
False
Is 1978037639 a prime number?
True
Is 13642180339 composite?
False
Is 291009053 a composite number?
True
Is 184481299 prime?
True
Is 1279523099 a prime number?
False
Is 11694185921 a prime number?
False
Is 437225233 composite?
False
Is 756461623 a composite number?
True
Is 3255112369 a composite number?
False
Is 11929148101 a prime number?
False
Is 516589221 a composite number?
True
Is 24439784357 composite?
True
Is 50885689 composite?
False
Is 45345317909 composite?
False
Is 10435208647 a prime number?
True
Is 144269509 a composite number?
False
Is 39935736803 a prime number?
False
Is 40587765311 a prime number?
False
Is 19186052719 prime?
True
Is 1907384881 a prime number?
True
Is 399656946139 a composite number?
True
Is 126027899 composite?
False
Is 11162819 a composite number?
False
Is 75624199927 a composite number?
False
Is 732667477 a prime number?
False
Is 9892800527 prime?
True
Is 1223129471 a prime number?
False
Is 22680536561 composite?
False
Is 1819044181 a prime number?
True
Is 12637024451 prime?
True
Is 19069270211 prime?
True
Is 1601151577 composite?
False
Is 3548461835 a prime number?
False
Is 1162204241 composite?
True
Is 194861052185 prime?
False
Is 5237658835 a prime number?
False
Is 113687467 prime?
False
Is 266937059 a composite number?
True
Is 201454873 a composite number?
False
Is 98099783 composite?
False
Is 71407201 prime?
True
Is 709930819 composite?
True
Is 1567940903 a prime number?
Fal